1301 a multiple of 13?
True
Does 386 divide 9780378?
False
Does 97 divide 2397470?
False
Is 20200 a multiple of 5?
True
Is 189 a factor of 5452461?
True
Is 2145519 a multiple of 9?
True
Does 11 divide 8503?
True
Is 137202 a multiple of 12?
False
Does 119 divide 705313?
True
Does 10 divide 43788?
False
Is 11 a factor of 3424784?
True
Is 92 a factor of 411531?
False
Is 616840 a multiple of 317?
False
Is 113444 even?
True
Does 410 divide 266090?
True
Does 27 divide 350676?
True
Does 484 divide 8012620?
True
Is 722722 a multiple of 182?
True
Is 32 a factor of 343584?
True
Is 18 a factor of 1558584?
True
Is 21 a factor of 256709?
False
Is 161 a factor of 9093426?
False
Is 2 a factor of 2909?
False
Does 11 divide 13866501?
True
Is 101 a factor of 364205?
False
Is 18667865 a multiple of 1194?
False
Is 300 a factor of 2865900?
True
Does 121 divide 569905?
False
Is 208975 a multiple of 90?
False
Does 561 divide 4839490?
False
Is 544 a factor of 10062368?
True
Is 3 a factor of 500905?
False
Is 220 a factor of 2240260?
True
Is 9 a factor of 14688?
True
Is 55 a factor of 57124?
False
Is 257 a factor of 274272?
False
Does 90 divide 44640?
True
Does 18 divide 949554?
True
Does 10 divide 958790?
True
Is 165403 a multiple of 7?
True
Does 145 divide 5173310?
True
Is 121 a factor of 16831963?
False
Is 4996836 a multiple of 54?
True
Is 177 a factor of 8778669?
True
Is 17786925 a multiple of 403?
False
Is 1347949 a multiple of 66?
False
Is 4 a factor of 36712?
True
Is 14372 a multiple of 22?
False
Is 751681 a multiple of 24?
False
Is 84 a factor of 66108?
True
Is 6056400 a multiple of 16?
True
Does 467 divide 28487?
True
Is 189 a factor of 166320?
True
Does 30 divide 109734?
False
Does 15 divide 4674795?
True
Is 1313088 a multiple of 11?
False
Does 151 divide 5160878?
True
Does 1073 divide 5544191?
True
Is 28518 a multiple of 2?
True
Is 106 a factor of 4435195?
False
Is 2792424 a multiple of 6?
True
Is 10618517 a multiple of 91?
True
Does 33 divide 918582?
False
Is 1570 a factor of 887050?
True
Is 2 a factor of 1119484?
True
Does 87 divide 354257?
False
Is 247170 a multiple of 330?
True
Is 2114213 a multiple of 251?
False
Does 65 divide 189244?
False
Is 528 a factor of 2666400?
True
Is 335 a factor of 17971519?
False
Does 256 divide 76210?
False
Is 10 a factor of 50573?
False
Is 127 a factor of 342760?
False
Does 4 divide 30768?
True
Does 8 divide 50527?
False
Does 64 divide 84224?
True
Is 34848 a multiple of 48?
True
Does 69 divide 15883455?
True
Is 342 a factor of 76608?
True
Is 29203 a multiple of 19?
True
Is 46550 a multiple of 19?
True
Is 965 a factor of 7632185?
True
Does 1238 divide 817080?
True
Is 7 a factor of 76923?
True
Is 242 a factor of 152702?
True
Is 2663328 a multiple of 12?
True
Is 82186 a multiple of 35?
False
Does 155 divide 5047864?
False
Is 19977269 a multiple of 46?
False
Is 1434194 a multiple of 8?
False
Is 566 a factor of 1941946?
True
Is 971264 a multiple of 14?
True
Is 28 a factor of 3516563?
False
Does 7 divide 3636012?
False
Is 360 a factor of 8963640?
True
Is 5137533 a multiple of 655?
False
Is 15 a factor of 188790?
True
Is 537388 a multiple of 975?
False
Does 14 divide 127666?
True
Is 559500 a multiple of 125?
True
Is 25 a factor of 321023?
False
Does 10 divide 1750673?
False
Is 3983847 a multiple of 41?
True
Does 105 divide 6271653?
False
Is 31702 even?
True
Is 126569 a multiple of 593?
False
Does 121 divide 3989060?
False
Does 636 divide 1213488?
True
Does 452 divide 14303992?
True
Is 424 a factor of 1190221?
False
Does 43 divide 10558091?
True
Is 168812 a multiple of 7?
True
Is 8630424 a multiple of 264?
True
Does 9 divide 74529?
True
Is 1868678 a multiple of 33?
False
Does 370 divide 491360?
True
Is 225930 a multiple of 102?
True
Is 4300301 a multiple of 12?
False
Is 9458555 a multiple of 122?
False
Is 21292 a multiple of 2?
True
Does 84 divide 12784716?
True
Is 722088 a multiple of 8?
True
Is 28 a factor of 64652?
True
Is 82270 a multiple of 99?
False
Is 36 a factor of 777342?
False
Does 2 divide 1018?
True
Does 6 divide 70188?
True
Does 503 divide 11206575?
False
Does 10 divide 4604410?
True
Does 7 divide 1709925?
True
Is 17 a factor of 4104?
False
Is 20 a factor of 1916592?
False
Is 2297 a factor of 18959438?
True
Is 1344000 a multiple of 35?
True
Does 56 divide 239400?
True
Is 576172 a multiple of 58?
True
Is 1002218 a multiple of 89?
False
Is 62095 a multiple of 4?
False
Is 1140780 a multiple of 797?
False
Is 500760 a multiple of 6?
True
Is 992 a factor of 343232?
True
Is 36010 a multiple of 17?
False
Is 21 a factor of 99707?
False
Is 27 a factor of 95607?
True
Does 60 divide 5763079?
False
Is 24 a factor of 2638543?
False
Is 10 a factor of 42976?
False
Is 1299137 a multiple of 16?
False
Does 540 divide 1109160?
True
Does 225 divide 6143772?
False
Does 9 divide 393783?
False
Is 53 a factor of 3322767?
False
Is 116 a factor of 42230?
False
Does 17 divide 124398?
False
Is 798 a factor of 887024?
False
Does 42 divide 1277420?
False
Does 17 divide 64736?
True
Does 25 divide 4452600?
True
Is 22 a factor of 418155?
False
Is 56 a factor of 784784?
True
Is 92149 a multiple of 6?
False
Is 3928159 a multiple of 128?
False
Is 279853 a multiple of 55?
False
Is 26 a factor of 7276077?
False
Is 45 a factor of 64339?
False
Is 655 a factor of 7325520?
True
Is 3299285 a multiple of 10?
False
Does 59 divide 322475?
False
Is 104813 a multiple of 3?
False
Is 114929 a multiple of 9?
False
Is 980160 a multiple of 356?
False
Is 179 a factor of 193670?
False
Is 40 a factor of 599360?
True
Is 10 a factor of 48197?
False
Does 1091 divide 351246?
False
Is 117 a factor of 3395106?
True
Is 561944 a multiple of 4?
True
Is 444990 a multiple of 214?
False
Does 527 divide 1138755?
False
Is 566 a factor of 764100?
True
Is 58 a factor of 84274?
True
Does 157 divide 1762482?
True
Does 215 divide 39775?
True
Is 701446 a multiple of 11?
False
Is 396 a factor of 2996061?
False
Is 549 a factor of 24496?
False
Is 504060 a multiple of 1084?
True
Is 54132 a multiple of 78?
True
Does 142 divide 4585748?
True
Is 8 a factor of 296432?
True
Is 10 a factor of 83810?
True
Is 160338 a multiple of 140?
False
Is 54070 even?
True
Is 7 a factor of 9800?
True
Is 3788464 a multiple of 9?
False
Does 67 divide 45506?
False
Does 461 divide 1561407?
True
Does 164 divide 74029?
False
Is 80436 a multiple of 35?
False
Is 471541 a multiple of 53?
True
Is 119 a factor of 1473918?
False
Does 44 divide 29920?
True
Does 105 divide 337733?
False
Is 13 a factor of 1079156?
True
Is 109 a factor of 2246599?
True
Is 295 a factor of 5990860?
True
Is 13147 a multiple of 5?
False
Is 33 a factor of 9602117?
False
Is 13 a factor of 11504532?
True
Does 373 divide 27779?
False
Does 33 divide 3420713?
False
Is 374540 a multiple of 8?
False
Does 11 divide 1110216?
False
Is 8 a factor of 8044172?
False
Does 27 divide 230688?
True
Is 1215 a factor of 10241235?
True
Is 18 a factor of 24470?
False
Is 6 a factor of 183612?
True
Is 17 a factor of 27153?
False
Is 1423253 a multiple of 474?
False
Is 1350 a factor of 17178750?
True
Is 26 a factor of 1427816?
True
Does 44 divide 8338989?
False
Is 256 a factor of 155661?
False
Is 566928 a multiple of 96?
False
Is 228 a factor of 169176?
True
Is 10 a factor of 1073610?
True
Does 20 divide 729780?
True
Does 29 divide 589715?
True
Does 47 divide 61946?
True
Does 630 divide 7072361?
False
Is 468034 a multiple of 662?
True
Is 144514 a multiple of 2?
True
Is 312245 a multiple of 15?
False
Does 733 divide 6390294?
True
Is 3 a factor of 35818?
False
Does 16 divide 23837601?
False
Is 2182208 a multiple of 55?
False
Is 7 a factor of 3525879?
True
Is 2574236 a multiple of 178?
True
Is 18 a factor of 311832?
True
Is 68894 a multiple of 92?
False
Does 9 divide 15427686?
False
Does 12 divide 2915043?
False
Does 67 divide 87837?
True
Is 84 a factor of 100800?
True
Is 205 a factor of 322260?
True
Is 502 a factor of 1134018?
True
Is 2 a factor of 7482?
True
Does 83 divide 243273?
True
Is 12 a factor of 29307?
False
Does 114 divide 137432?
False
Does 96 divide 178310?
False
Is 1752 a factor of 15549000?
True
Is 231154 a multiple of 22?
True
Is 18 a factor of 27432?
True
Is 1933636 a multiple of 421?
False
Is 1847520 a multiple of 15?
True
Does 504 divide 172368?
True
Does 1161 